{"id":14,"date":"2024-05-04T03:58:49","date_gmt":"2024-05-04T03:58:49","guid":{"rendered":"http:\/\/www.harmonikar.si\/?page_id=14"},"modified":"2024-05-04T05:14:53","modified_gmt":"2024-05-04T05:14:53","slug":"notni-prijemi","status":"publish","type":"page","link":"http:\/\/www.harmonikar.si\/index.php\/notni-prijemi\/","title":{"rendered":"Notni prijemi"},"content":{"rendered":"<ul class=\"wp-block-latest-posts__list wp-block-latest-posts\"><li><a class=\"wp-block-latest-posts__post-title\" href=\"http:\/\/www.harmonikar.si\/index.php\/2025\/03\/01\/vinska-trta-ansambel-lojzeta-slaka\/\">Vinska trta &#8211; Ansambel Lojzeta Slaka<\/a><\/li>\n<li><a class=\"wp-block-latest-posts__post-title\" href=\"http:\/\/www.harmonikar.si\/index.php\/2025\/03\/01\/ljubezni-mi-nisi-dala-fantje-z-vseh-vetrov\/\">Ljubezni mi nisi dala &#8211; Fantje z vseh vetrov<\/a><\/li>\n<li><a class=\"wp-block-latest-posts__post-title\" href=\"http:\/\/www.harmonikar.si\/index.php\/2025\/03\/01\/zidana-marela-narodna-pesem\/\">\u017didana marela &#8211; Narodna pesem<\/a><\/li>\n<li><a class=\"wp-block-latest-posts__post-title\" href=\"http:\/\/www.harmonikar.si\/index.php\/2025\/03\/01\/francek-stara-kljuka-narodna-pesem\/\">Fran\u010dek stara kljuka &#8211; Narodna pesem<\/a><\/li>\n<li><a class=\"wp-block-latest-posts__post-title\" href=\"http:\/\/www.harmonikar.si\/index.php\/2025\/03\/01\/divja-kri-ansambel-vandrovci\/\">Divja kri &#8211; Ansambel Vandrovci<\/a><\/li>\n<li><a class=\"wp-block-latest-posts__post-title\" href=\"http:\/\/www.harmonikar.si\/index.php\/2024\/09\/03\/nocoj-je-ena-lustna-noc-narodna-pesem\/\">Nocoj je ena lu\u0161tna no\u010d &#8211; Narodna pesem<\/a><\/li>\n<li><a class=\"wp-block-latest-posts__post-title\" href=\"http:\/\/www.harmonikar.si\/index.php\/2024\/09\/03\/to-smo-mi-prijatelji-ansambel-lojzeta-slaka-2\/\">To smo mi, prijatelji &#8211; Ansambel Lojzeta Slaka<\/a><\/li>\n<li><a class=\"wp-block-latest-posts__post-title\" href=\"http:\/\/www.harmonikar.si\/index.php\/2024\/09\/03\/ta-zadn-direndaj-ljudska-pesem\/\">Ta zadn&#8217; direndaj &#8211; Ljudska pesem<\/a><\/li>\n<li><a class=\"wp-block-latest-posts__post-title\" href=\"http:\/\/www.harmonikar.si\/index.php\/2024\/09\/03\/se-kiklco-prodala-bom-ljudska-pesem\/\">\u0160e kiklco prodala bom &#8211; Ljudska pesem<\/a><\/li>\n<li><a class=\"wp-block-latest-posts__post-title\" href=\"http:\/\/www.harmonikar.si\/index.php\/2024\/09\/03\/tu-smo-doma-tine-lesjak-in-bratje-iz-oplotnice\/\">Tu smo doma &#8211; Tine Lesjak in bratje iz Oplotnice<\/a><\/li>\n<li><a class=\"wp-block-latest-posts__post-title\" href=\"http:\/\/www.harmonikar.si\/index.php\/2024\/05\/04\/spominska-knjiga-ansambel-lojzeta-slaka-2\/\">Spominska knjiga \u2013 Ansambel Lojzeta Slaka<\/a><\/li>\n<li><a class=\"wp-block-latest-posts__post-title\" href=\"http:\/\/www.harmonikar.si\/index.php\/2024\/05\/04\/vecni-popotnik-modrijani\/\">Ve\u010dni popotnik \u2013 Modrijani<\/a><\/li>\n<li><a class=\"wp-block-latest-posts__post-title\" href=\"http:\/\/www.harmonikar.si\/index.php\/2024\/05\/04\/matjasek-je-gujdeka-kla-narodna-pesem\/\">Matja\u0161ek je gujdeka kla \u2013 Narodna pesem<\/a><\/li>\n<li><a class=\"wp-block-latest-posts__post-title\" href=\"http:\/\/www.harmonikar.si\/index.php\/2024\/05\/04\/dekle-zakaj-tajis-ljudska-pesem\/\">Dekle, zakaj taji\u0161 \u2013 Ljudska pesem<\/a><\/li>\n<li><a class=\"wp-block-latest-posts__post-title\" href=\"http:\/\/www.harmonikar.si\/index.php\/2024\/05\/04\/vse-najboljse-otroska-pesem\/\">Vse najbolj\u0161e \u2013 Otro\u0161ka pesem<\/a><\/li>\n<li><a class=\"wp-block-latest-posts__post-title\" href=\"http:\/\/www.harmonikar.si\/index.php\/2024\/05\/04\/po-cesti-gre-en-stari-moz-ansambel-borisa-franka\/\">Po cesti gre en stari mo\u017e \u2013 Ansambel Borisa Franka<\/a><\/li>\n<li><a class=\"wp-block-latest-posts__post-title\" href=\"http:\/\/www.harmonikar.si\/index.php\/2024\/05\/04\/kaj-si-mores-dobri-clovek-frajkinclari\/\">Kaj si more\u0161, dobri \u010dlovek \u2013 Frajkinclari<\/a><\/li>\n<li><a class=\"wp-block-latest-posts__post-title\" href=\"http:\/\/www.harmonikar.si\/index.php\/2024\/05\/04\/gasilska-veselica-fantje-z-vseh-vetrov\/\">Gasilska veselica \u2013 Fantje z vseh vetrov<\/a><\/li>\n<li><a class=\"wp-block-latest-posts__post-title\" href=\"http:\/\/www.harmonikar.si\/index.php\/2024\/05\/04\/gozdovi-v-mesecini-ansambel-bratov-avsenik\/\">Gozdovi v mese\u010dini \u2013 Ansambel bratov Avsenik<\/a><\/li>\n<li><a class=\"wp-block-latest-posts__post-title\" href=\"http:\/\/www.harmonikar.si\/index.php\/2024\/05\/04\/pij-godec-z-mano-ansambel-lojzeta-slaka\/\">Pij godec z mano \u2013 Ansambel Lojzeta Slaka<\/a><\/li>\n<li><a class=\"wp-block-latest-posts__post-title\" href=\"http:\/\/www.harmonikar.si\/index.php\/2024\/05\/04\/veseli-samec-ansambel-lojzeta-slaka\/\">Veseli samec \u2013 Ansambel Lojzeta Slaka<\/a><\/li>\n<li><a class=\"wp-block-latest-posts__post-title\" href=\"http:\/\/www.harmonikar.si\/index.php\/2024\/05\/04\/to-smo-mi-prijatelji-ansambel-lojzeta-slaka\/\">To smo mi, prijatelji \u2013 Ansambel Lojzeta Slaka<\/a><\/li>\n<li><a class=\"wp-block-latest-posts__post-title\" href=\"http:\/\/www.harmonikar.si\/index.php\/2024\/05\/04\/srnjak-ansambel-lojzeta-slaka\/\">Srnjak \u2013 Ansambel Lojzeta Slaka<\/a><\/li>\n<li><a class=\"wp-block-latest-posts__post-title\" href=\"http:\/\/www.harmonikar.si\/index.php\/2024\/05\/04\/se-se-en-krajcarcek-mam-narodna-pesem\/\">\u0160e, \u0161e en krajcar\u010dek \u2018mam \u2013 Narodna pesem<\/a><\/li>\n<li><a class=\"wp-block-latest-posts__post-title\" href=\"http:\/\/www.harmonikar.si\/index.php\/2024\/05\/04\/na-gorenjskem-je-fletno-narodna-pesem\/\">Na Gorenjskem je fletno \u2013 Narodna pesem<\/a><\/li>\n<li><a class=\"wp-block-latest-posts__post-title\" href=\"http:\/\/www.harmonikar.si\/index.php\/2024\/05\/04\/dekle-je-po-vodo-sla-ljudska-pesem\/\">Dekle je po vodo \u0161la \u2013 Ljudska pesem<\/a><\/li>\n<li><a class=\"wp-block-latest-posts__post-title\" href=\"http:\/\/www.harmonikar.si\/index.php\/2024\/05\/04\/tri-planike-narodna-pesem\/\">Tri planike \u2013 Narodna pesem<\/a><\/li>\n<li><a class=\"wp-block-latest-posts__post-title\" href=\"http:\/\/www.harmonikar.si\/index.php\/2024\/05\/04\/snockaj-sem-na-vasi-bil-narodna-pesem\/\">Sno\u010dkaj sem na vasi bil \u2013 Narodna pesem<\/a><\/li>\n<li><a class=\"wp-block-latest-posts__post-title\" href=\"http:\/\/www.harmonikar.si\/index.php\/2024\/05\/04\/slovenski-vojak-ansambel-mira-klinca\/\">Slovenski vojak \u2013 Ansambel Mira Klinca<\/a><\/li>\n<li><a class=\"wp-block-latest-posts__post-title\" href=\"http:\/\/www.harmonikar.si\/index.php\/2024\/05\/04\/sem-fantic-mlad-vesel-narodna-pesem\/\">Sem fanti\u010d mlad vesel \u2013 Narodna pesem<\/a><\/li>\n<li><a class=\"wp-block-latest-posts__post-title\" href=\"http:\/\/www.harmonikar.si\/index.php\/2024\/05\/04\/pticice-ljudska-pesem\/\">Pti\u010dice \u2013 Ljudska pesem<\/a><\/li>\n<li><a class=\"wp-block-latest-posts__post-title\" href=\"http:\/\/www.harmonikar.si\/index.php\/2024\/05\/04\/prijateljev-ne-stej-ansambel-tonija-verderberja\/\">Prijateljev ne \u0161tej \u2013 Ansambel Tonija Verderberja<\/a><\/li>\n<li><a class=\"wp-block-latest-posts__post-title\" href=\"http:\/\/www.harmonikar.si\/index.php\/2024\/05\/04\/po-koroskem-po-kranjskem-narodna-pesem\/\">Po Koro\u0161kem, po Kranjskem \u2013 Narodna pesem<\/a><\/li>\n<li><a class=\"wp-block-latest-posts__post-title\" href=\"http:\/\/www.harmonikar.si\/index.php\/2024\/05\/04\/po-haloskih-cestah-narodna-pesem\/\">Po Halo\u0161kih cestah \u2013 Narodna pesem<\/a><\/li>\n<li><a class=\"wp-block-latest-posts__post-title\" href=\"http:\/\/www.harmonikar.si\/index.php\/2024\/05\/04\/ne-pozabi-domovine-fantje-z-vseh-vetrov\/\">Ne pozabi domovine \u2013 Fantje z vseh vetrov<\/a><\/li>\n<li><a class=\"wp-block-latest-posts__post-title\" href=\"http:\/\/www.harmonikar.si\/index.php\/2024\/05\/04\/na-oknu-glej-obrazek-bled-partizanska-pesem\/\">Na oknu glej obrazek bled \u2013 Partizanska pesem<\/a><\/li>\n<li><a class=\"wp-block-latest-posts__post-title\" href=\"http:\/\/www.harmonikar.si\/index.php\/2024\/05\/04\/na-oknu-deva-je-slonela-ljudska-pesem\/\">Na oknu deva je slonela -Ljudska pesem<\/a><\/li>\n<li><a class=\"wp-block-latest-posts__post-title\" href=\"http:\/\/www.harmonikar.si\/index.php\/2024\/05\/04\/moja-pipca-ansambel-lojzeta-slaka\/\">Moja pip\u2019ca \u2013 Ansambel Lojzeta Slaka<\/a><\/li>\n<li><a class=\"wp-block-latest-posts__post-title\" href=\"http:\/\/www.harmonikar.si\/index.php\/2024\/05\/04\/lisicka-je-prav-zvita-zver-narodna-pesem\/\">Lisi\u010dka je prav zvita zver \u2013 Narodna pesem<\/a><\/li>\n<li><a class=\"wp-block-latest-posts__post-title\" href=\"http:\/\/www.harmonikar.si\/index.php\/2024\/05\/04\/le-ti-si-edina-mladi-dolenjci\/\">Le ti si edina \u2013 Mladi Dolenjci<\/a><\/li>\n<\/ul>","protected":false},"excerpt":{"rendered":"","protected":false},"author":1,"featured_media":0,"parent":0,"menu_order":0,"comment_status":"closed","ping_status":"closed","template":"","meta":{"footnotes":""},"_links":{"self":[{"href":"http:\/\/www.harmonikar.si\/index.php\/wp-json\/wp\/v2\/pages\/14"}],"collection":[{"href":"http:\/\/www.harmonikar.si\/index.php\/wp-json\/wp\/v2\/pages"}],"about":[{"href":"http:\/\/www.harmonikar.si\/index.php\/wp-json\/wp\/v2\/types\/page"}],"author":[{"embeddable":true,"href":"http:\/\/www.harmonikar.si\/index.php\/wp-json\/wp\/v2\/users\/1"}],"replies":[{"embeddable":true,"href":"http:\/\/www.harmonikar.si\/index.php\/wp-json\/wp\/v2\/comments?post=14"}],"version-history":[{"count":6,"href":"http:\/\/www.harmonikar.si\/index.php\/wp-json\/wp\/v2\/pages\/14\/revisions"}],"predecessor-version":[{"id":68,"href":"http:\/\/www.harmonikar.si\/index.php\/wp-json\/wp\/v2\/pages\/14\/revisions\/68"}],"wp:attachment":[{"href":"http:\/\/www.harmonikar.si\/index.php\/wp-json\/wp\/v2\/media?parent=14"}],"curies":[{"name":"wp","href":"https:\/\/api.w.org\/{rel}","templated":true}]}}